{"id":69,"date":"2021-02-28T18:15:25","date_gmt":"2021-02-28T17:15:25","guid":{"rendered":"https:\/\/fsphilpol.fk14.tu-dortmund.de\/?page_id=69"},"modified":"2025-10-01T23:30:08","modified_gmt":"2025-10-01T21:30:08","slug":"erstsemester","status":"publish","type":"page","link":"https:\/\/fsphilpol.fk14.tu-dortmund.de\/index.php\/erstsemester\/","title":{"rendered":"Erstsemester"},"content":{"rendered":"\n<p><strong><mark style=\"background-color:rgba(0, 0, 0, 0);color:#649600\" class=\"has-inline-color\">Orientierungsphase (O-Phase)<\/mark><\/strong><br><br>Kurz vor dem Beginn jeden Wintersemesters und Sommersemesters bieten wir eine Orientierungsphase an. Dort vermitteln wir euch alles, was ihr f\u00fcr das Studium wissen m\u00fcsst und helfen euch bei der Stundenplanerstellung.<br>Au\u00dferdem ist es der ideale Zeitpunkt, um sich untereinander kennenzulernen.<\/p>\n\n\n\n<p>am besten sind wir \u00fcber Discord zu erreichen! \ud83d\ude42 und jetzt auch auf instagram: fsphilpol<\/p>\n\n\n\n<p><\/p>\n\n\n\n<p><strong><mark style=\"background-color:rgba(0, 0, 0, 0);color:#649600\" class=\"has-inline-color\">Philosophie O-Phase<\/mark><\/strong><\/p>\n\n\n\n<p><strong>Einf\u00fchrungsveranstaltung<\/strong> der Philosophie<\/p>\n\n\n\n<p>Wann? Mittwoch den 08.10.2025 15:30 Uhr<\/p>\n\n\n\n<p>Wo?                   im H\u00f6rsaal 2 der EF 50<\/p>\n\n\n\n<p><strong>Spieletreffen mit Waffeln<\/strong><\/p>\n\n\n\n<p>Wann?               Dienstag 07.10.2025 12-16 Uhr<\/p>\n\n\n\n<p>Wo?                  Raum 2.405<\/p>\n\n\n\n<p><strong>FAQ\/ Stundenplanberatung der Philosophie:<\/strong><\/p>\n\n\n\n<p>Wann? \u00a0\u00a0\u00a0\u00a0\u00a0\u00a0\u00a0\u00a0\u00a0\u00a0\u00a0\u00a0 Mittwoch, den 08.10.2025 im Anschluss an die Einf\u00fchrungsveranstaltung<\/p>\n\n\n\n<p>Wo? &nbsp;&nbsp;&nbsp;&nbsp;&nbsp;&nbsp;&nbsp;&nbsp;&nbsp;&nbsp;&nbsp;&nbsp;&nbsp;&nbsp;&nbsp;&nbsp; EF 50, Raum 2.405<\/p>\n\n\n\n<p>Was? \u00a0\u00a0\u00a0\u00a0\u00a0\u00a0\u00a0\u00a0\u00a0\u00a0\u00a0\u00a0 Stundenplanberatung, Wlaneinrichtung, Kennenlernen<\/p>\n\n\n\n<p>Falls Fragen bzgl. des Stundenplans oder allgemeiner Natur zu den Studieng\u00e4ngen auftauchen, habt ihr hier die M\u00f6glichkeit diese zu stellen. Wir haben bestimmt eine Antwort darauf, oder kennen die entsprechenden Personen, die ihr ansprechen k\u00f6nnt.<\/p>\n\n\n\n<p><strong>Begr\u00fc\u00dfungsveranstaltung des Instituts f\u00fcr die MAPP-Studierenden:<\/strong><\/p>\n\n\n\n<p>Wann? \u00a0\u00a0\u00a0\u00a0\u00a0\u00a0\u00a0\u00a0\u00a0\u00a0\u00a0\u00a0 Mittwoch, 22. Oktober um 11:45<\/p>\n\n\n\n<p>Wo? \u00a0\u00a0\u00a0\u00a0\u00a0\u00a0\u00a0\u00a0\u00a0\u00a0\u00a0\u00a0\u00a0\u00a0\u00a0\u00a0\u00a0 EF 50, Raum 2.213<\/p>\n\n\n\n<p>Ganz offiziell m\u00f6chte euch nat\u00fcrlich auch das Institut willkommen hei\u00dfen.<\/p>\n\n\n\n<p><strong>Kneipenabend f\u00fcr Philosophie, MAPP, Marepol:<\/strong><\/p>\n\n\n\n<p>Wann? \u00a0\u00a0\u00a0\u00a0\u00a0\u00a0\u00a0\u00a0\u00a0\u00a0\u00a0\u00a0Do, 09.10.2025 um 16 Uhr<\/p>\n\n\n\n<p>Wo? &nbsp;&nbsp;&nbsp;&nbsp;&nbsp;&nbsp;&nbsp;&nbsp;&nbsp;&nbsp;&nbsp;&nbsp;&nbsp;&nbsp;&nbsp;&nbsp; Treffpunkt vor der EF50<\/p>\n\n\n\n<p>F\u00fcr ein gemeinsames Kennenlernen, den ersten Austausch und vielleicht die erste Kneipenerfahrung in Dortmund bieten wir euch einen Kneipenabend an.<\/p>\n\n\n\n<p>Wir freuen uns sehr euch kennenzulernen und viele sch\u00f6ne Erfahrungen mit euch im Studium zu sammeln! \ud83d\ude0a<\/p>\n\n\n\n<p><\/p>\n\n\n\n<p><strong><span style=\"color:#649600\" class=\"has-inline-color\">Moodle-Seite<\/span><\/strong><br><br>Wir haben f\u00fcr euch eine Moodle-Seite erstellt, wo ihr<span style=\"color:#649600\" class=\"has-inline-color\"> Erkl\u00e4rvideos <\/span>zu den verschiedenen Online-Portalen der Uni findet: <br><a href=\"https:\/\/moodle.tu-dortmund.de\/course\/view.php?id=21633\">https:\/\/moodle.tu-dortmund.de\/course\/view.php?id=21633<\/a><\/p>\n\n\n\n<p><strong><span style=\"color:#649600\" class=\"has-inline-color\">Informationsveranstaltung Pr\u00e4sentation<\/span><\/strong><br><\/p>\n\n\n\n<div data-wp-interactive=\"core\/file\" class=\"wp-block-file\"><object data-wp-bind--hidden=\"!state.hasPdfPreview\" hidden class=\"wp-block-file__embed\" data=\"https:\/\/fsphilpol.fk14.tu-dortmund.de\/wp-content\/uploads\/Informationsveranstaltung_aktuellste-Version-1.pdf\" type=\"application\/pdf\" style=\"width:100%;height:600px\" aria-label=\"Einbettung von Informationsveranstaltung_aktuellste Version.\"><\/object><a id=\"wp-block-file--media-220d0359-4b80-4dad-98aa-df0d9ecccacb\" href=\"https:\/\/fsphilpol.fk14.tu-dortmund.de\/wp-content\/uploads\/Informationsveranstaltung_aktuellste-Version-1.pdf\">Informationsveranstaltung_aktuellste Version<\/a><a href=\"https:\/\/fsphilpol.fk14.tu-dortmund.de\/wp-content\/uploads\/Informationsveranstaltung_aktuellste-Version-1.pdf\" class=\"wp-block-file__button wp-element-button\" download aria-describedby=\"wp-block-file--media-220d0359-4b80-4dad-98aa-df0d9ecccacb\">Herunterladen<\/a><\/div>\n\n\n\n<hr class=\"wp-block-separator has-text-color has-css-opacity has-background is-style-wide\" style=\"background-color:#649600;color:#649600\"\/>\n\n\n\n<p><mark style=\"background-color:rgba(0, 0, 0, 0);color:#649600\" class=\"has-inline-color\">Schaut gerne auch mal bei unseren FAQs vorbei, dort findet ihr h\u00e4ufig gestellte Fragen beantwortet \ud83d\ude09 <\/mark><\/p>\n\n\n\n<p><\/p>\n","protected":false},"excerpt":{"rendered":"<p>Orientierungsphase (O-Phase) Kurz vor dem Beginn jeden Wintersemesters und Sommersemesters bieten wir eine Orientierungsphase an. Dort vermitteln wir euch alles, was ihr f\u00fcr das Studium wissen m\u00fcsst und helfen euch bei der Stundenplanerstellung.Au\u00dferdem ist es der ideale Zeitpunkt, um sich untereinander kennenzulernen. am besten sind wir \u00fcber Discord zu erreichen! \ud83d\ude42 und jetzt auch auf [&hellip;]<\/p>\n","protected":false},"author":2,"featured_media":0,"parent":0,"menu_order":0,"comment_status":"closed","ping_status":"closed","template":"","meta":{"footnotes":""},"class_list":["post-69","page","type-page","status-publish","hentry"],"yoast_head":"<!-- This site is optimized with the Yoast SEO plugin v27.4 - https:\/\/yoast.com\/product\/yoast-seo-wordpress\/ -->\n<title>Erstsemester - Fachschaft Philosophie und Politikwissenschaft<\/title>\n<meta name=\"description\" content=\"Fachschaft Philosophie und Politikwissenschaft - Offizielle Webseite der Fachschaft Philosophie und Politikwissenschaft an der TU Dortmund, an der Fakult\u00e4t f\u00fcr Humanwissenschaften und Theologie\" \/>\n<meta name=\"robots\" content=\"index, follow, max-snippet:-1, max-image-preview:large, max-video-preview:-1\" \/>\n<link rel=\"canonical\" href=\"https:\/\/fsphilpol.fk14.tu-dortmund.de\/index.php\/erstsemester\/\" \/>\n<meta property=\"og:locale\" content=\"de_DE\" \/>\n<meta property=\"og:type\" content=\"article\" \/>\n<meta property=\"og:title\" content=\"Erstsemester - Fachschaft Philosophie und Politikwissenschaft\" \/>\n<meta property=\"og:description\" content=\"Fachschaft Philosophie und Politikwissenschaft - Offizielle Webseite der Fachschaft Philosophie und Politikwissenschaft an der TU Dortmund, an der Fakult\u00e4t f\u00fcr Humanwissenschaften und Theologie\" \/>\n<meta property=\"og:url\" content=\"https:\/\/fsphilpol.fk14.tu-dortmund.de\/index.php\/erstsemester\/\" \/>\n<meta property=\"og:site_name\" content=\"Fachschaft Philosophie und Politikwissenschaft\" \/>\n<meta property=\"article:modified_time\" content=\"2025-10-01T21:30:08+00:00\" \/>\n<meta name=\"twitter:card\" content=\"summary_large_image\" \/>\n<meta name=\"twitter:label1\" content=\"Gesch\u00e4tzte Lesezeit\" \/>\n\t<meta name=\"twitter:data1\" content=\"2\u00a0Minuten\" \/>\n<script type=\"application\/ld+json\" class=\"yoast-schema-graph\">{\"@context\":\"https:\\\/\\\/schema.org\",\"@graph\":[{\"@type\":\"WebPage\",\"@id\":\"https:\\\/\\\/fsphilpol.fk14.tu-dortmund.de\\\/index.php\\\/erstsemester\\\/\",\"url\":\"https:\\\/\\\/fsphilpol.fk14.tu-dortmund.de\\\/index.php\\\/erstsemester\\\/\",\"name\":\"Erstsemester - Fachschaft Philosophie und Politikwissenschaft\",\"isPartOf\":{\"@id\":\"https:\\\/\\\/fsphilpol.fk14.tu-dortmund.de\\\/#website\"},\"datePublished\":\"2021-02-28T17:15:25+00:00\",\"dateModified\":\"2025-10-01T21:30:08+00:00\",\"description\":\"Fachschaft Philosophie und Politikwissenschaft - Offizielle Webseite der Fachschaft Philosophie und Politikwissenschaft an der TU Dortmund, an der Fakult\u00e4t f\u00fcr Humanwissenschaften und Theologie\",\"breadcrumb\":{\"@id\":\"https:\\\/\\\/fsphilpol.fk14.tu-dortmund.de\\\/index.php\\\/erstsemester\\\/#breadcrumb\"},\"inLanguage\":\"de\",\"potentialAction\":[{\"@type\":\"ReadAction\",\"target\":[\"https:\\\/\\\/fsphilpol.fk14.tu-dortmund.de\\\/index.php\\\/erstsemester\\\/\"]}]},{\"@type\":\"BreadcrumbList\",\"@id\":\"https:\\\/\\\/fsphilpol.fk14.tu-dortmund.de\\\/index.php\\\/erstsemester\\\/#breadcrumb\",\"itemListElement\":[{\"@type\":\"ListItem\",\"position\":1,\"name\":\"Startseite\",\"item\":\"https:\\\/\\\/fsphilpol.fk14.tu-dortmund.de\\\/\"},{\"@type\":\"ListItem\",\"position\":2,\"name\":\"Erstsemester\"}]},{\"@type\":\"WebSite\",\"@id\":\"https:\\\/\\\/fsphilpol.fk14.tu-dortmund.de\\\/#website\",\"url\":\"https:\\\/\\\/fsphilpol.fk14.tu-dortmund.de\\\/\",\"name\":\"Fachschaft Philosophie und Politikwissenschaft\",\"description\":\"TU Dortmund\",\"publisher\":{\"@id\":\"https:\\\/\\\/fsphilpol.fk14.tu-dortmund.de\\\/#organization\"},\"potentialAction\":[{\"@type\":\"SearchAction\",\"target\":{\"@type\":\"EntryPoint\",\"urlTemplate\":\"https:\\\/\\\/fsphilpol.fk14.tu-dortmund.de\\\/?s={search_term_string}\"},\"query-input\":{\"@type\":\"PropertyValueSpecification\",\"valueRequired\":true,\"valueName\":\"search_term_string\"}}],\"inLanguage\":\"de\"},{\"@type\":\"Organization\",\"@id\":\"https:\\\/\\\/fsphilpol.fk14.tu-dortmund.de\\\/#organization\",\"name\":\"Fachschaft Philosophie und Politikwissenschaft der TU Dortmund\",\"url\":\"https:\\\/\\\/fsphilpol.fk14.tu-dortmund.de\\\/\",\"logo\":{\"@type\":\"ImageObject\",\"inLanguage\":\"de\",\"@id\":\"https:\\\/\\\/fsphilpol.fk14.tu-dortmund.de\\\/#\\\/schema\\\/logo\\\/image\\\/\",\"url\":\"https:\\\/\\\/fsphilpol.fk14.tu-dortmund.de\\\/wp-content\\\/uploads\\\/2021\\\/02\\\/cropped-cropped-fachschaft-logo-scaled-4.jpg\",\"contentUrl\":\"https:\\\/\\\/fsphilpol.fk14.tu-dortmund.de\\\/wp-content\\\/uploads\\\/2021\\\/02\\\/cropped-cropped-fachschaft-logo-scaled-4.jpg\",\"width\":512,\"height\":512,\"caption\":\"Fachschaft Philosophie und Politikwissenschaft der TU Dortmund\"},\"image\":{\"@id\":\"https:\\\/\\\/fsphilpol.fk14.tu-dortmund.de\\\/#\\\/schema\\\/logo\\\/image\\\/\"}}]}<\/script>\n<!-- \/ Yoast SEO plugin. -->","yoast_head_json":{"title":"Erstsemester - Fachschaft Philosophie und Politikwissenschaft","description":"Fachschaft Philosophie und Politikwissenschaft - Offizielle Webseite der Fachschaft Philosophie und Politikwissenschaft an der TU Dortmund, an der Fakult\u00e4t f\u00fcr Humanwissenschaften und Theologie","robots":{"index":"index","follow":"follow","max-snippet":"max-snippet:-1","max-image-preview":"max-image-preview:large","max-video-preview":"max-video-preview:-1"},"canonical":"https:\/\/fsphilpol.fk14.tu-dortmund.de\/index.php\/erstsemester\/","og_locale":"de_DE","og_type":"article","og_title":"Erstsemester - Fachschaft Philosophie und Politikwissenschaft","og_description":"Fachschaft Philosophie und Politikwissenschaft - Offizielle Webseite der Fachschaft Philosophie und Politikwissenschaft an der TU Dortmund, an der Fakult\u00e4t f\u00fcr Humanwissenschaften und Theologie","og_url":"https:\/\/fsphilpol.fk14.tu-dortmund.de\/index.php\/erstsemester\/","og_site_name":"Fachschaft Philosophie und Politikwissenschaft","article_modified_time":"2025-10-01T21:30:08+00:00","twitter_card":"summary_large_image","twitter_misc":{"Gesch\u00e4tzte Lesezeit":"2\u00a0Minuten"},"schema":{"@context":"https:\/\/schema.org","@graph":[{"@type":"WebPage","@id":"https:\/\/fsphilpol.fk14.tu-dortmund.de\/index.php\/erstsemester\/","url":"https:\/\/fsphilpol.fk14.tu-dortmund.de\/index.php\/erstsemester\/","name":"Erstsemester - Fachschaft Philosophie und Politikwissenschaft","isPartOf":{"@id":"https:\/\/fsphilpol.fk14.tu-dortmund.de\/#website"},"datePublished":"2021-02-28T17:15:25+00:00","dateModified":"2025-10-01T21:30:08+00:00","description":"Fachschaft Philosophie und Politikwissenschaft - Offizielle Webseite der Fachschaft Philosophie und Politikwissenschaft an der TU Dortmund, an der Fakult\u00e4t f\u00fcr Humanwissenschaften und Theologie","breadcrumb":{"@id":"https:\/\/fsphilpol.fk14.tu-dortmund.de\/index.php\/erstsemester\/#breadcrumb"},"inLanguage":"de","potentialAction":[{"@type":"ReadAction","target":["https:\/\/fsphilpol.fk14.tu-dortmund.de\/index.php\/erstsemester\/"]}]},{"@type":"BreadcrumbList","@id":"https:\/\/fsphilpol.fk14.tu-dortmund.de\/index.php\/erstsemester\/#breadcrumb","itemListElement":[{"@type":"ListItem","position":1,"name":"Startseite","item":"https:\/\/fsphilpol.fk14.tu-dortmund.de\/"},{"@type":"ListItem","position":2,"name":"Erstsemester"}]},{"@type":"WebSite","@id":"https:\/\/fsphilpol.fk14.tu-dortmund.de\/#website","url":"https:\/\/fsphilpol.fk14.tu-dortmund.de\/","name":"Fachschaft Philosophie und Politikwissenschaft","description":"TU Dortmund","publisher":{"@id":"https:\/\/fsphilpol.fk14.tu-dortmund.de\/#organization"},"potentialAction":[{"@type":"SearchAction","target":{"@type":"EntryPoint","urlTemplate":"https:\/\/fsphilpol.fk14.tu-dortmund.de\/?s={search_term_string}"},"query-input":{"@type":"PropertyValueSpecification","valueRequired":true,"valueName":"search_term_string"}}],"inLanguage":"de"},{"@type":"Organization","@id":"https:\/\/fsphilpol.fk14.tu-dortmund.de\/#organization","name":"Fachschaft Philosophie und Politikwissenschaft der TU Dortmund","url":"https:\/\/fsphilpol.fk14.tu-dortmund.de\/","logo":{"@type":"ImageObject","inLanguage":"de","@id":"https:\/\/fsphilpol.fk14.tu-dortmund.de\/#\/schema\/logo\/image\/","url":"https:\/\/fsphilpol.fk14.tu-dortmund.de\/wp-content\/uploads\/2021\/02\/cropped-cropped-fachschaft-logo-scaled-4.jpg","contentUrl":"https:\/\/fsphilpol.fk14.tu-dortmund.de\/wp-content\/uploads\/2021\/02\/cropped-cropped-fachschaft-logo-scaled-4.jpg","width":512,"height":512,"caption":"Fachschaft Philosophie und Politikwissenschaft der TU Dortmund"},"image":{"@id":"https:\/\/fsphilpol.fk14.tu-dortmund.de\/#\/schema\/logo\/image\/"}}]}},"_links":{"self":[{"href":"https:\/\/fsphilpol.fk14.tu-dortmund.de\/index.php\/wp-json\/wp\/v2\/pages\/69","targetHints":{"allow":["GET"]}}],"collection":[{"href":"https:\/\/fsphilpol.fk14.tu-dortmund.de\/index.php\/wp-json\/wp\/v2\/pages"}],"about":[{"href":"https:\/\/fsphilpol.fk14.tu-dortmund.de\/index.php\/wp-json\/wp\/v2\/types\/page"}],"author":[{"embeddable":true,"href":"https:\/\/fsphilpol.fk14.tu-dortmund.de\/index.php\/wp-json\/wp\/v2\/users\/2"}],"replies":[{"embeddable":true,"href":"https:\/\/fsphilpol.fk14.tu-dortmund.de\/index.php\/wp-json\/wp\/v2\/comments?post=69"}],"version-history":[{"count":72,"href":"https:\/\/fsphilpol.fk14.tu-dortmund.de\/index.php\/wp-json\/wp\/v2\/pages\/69\/revisions"}],"predecessor-version":[{"id":690,"href":"https:\/\/fsphilpol.fk14.tu-dortmund.de\/index.php\/wp-json\/wp\/v2\/pages\/69\/revisions\/690"}],"wp:attachment":[{"href":"https:\/\/fsphilpol.fk14.tu-dortmund.de\/index.php\/wp-json\/wp\/v2\/media?parent=69"}],"curies":[{"name":"wp","href":"https:\/\/api.w.org\/{rel}","templated":true}]}}