{"id":368,"date":"2022-03-25T11:50:57","date_gmt":"2022-03-25T10:50:57","guid":{"rendered":"https:\/\/fsphilpol.fk14.tu-dortmund.de\/?page_id=368"},"modified":"2022-03-25T12:13:36","modified_gmt":"2022-03-25T11:13:36","slug":"mini-bibliothek","status":"publish","type":"page","link":"https:\/\/fsphilpol.fk14.tu-dortmund.de\/index.php\/mini-bibliothek\/","title":{"rendered":"Mini-Bibliothek"},"content":{"rendered":"\n<p>Wir haben f\u00fcr euch eine Mini-Bibliothek zusammengetragen mit B\u00fcchern, die im Studium h\u00e4ufig verwendet werden \ud83d\ude42 <\/p>\n\n\n\n<p>Wenn ihr ein Buch ausleihen wollt, dann kommt einfach w\u00e4hrend der <a href=\"https:\/\/fsphilpol.fk14.tu-dortmund.de\/index.php\/sprechstunden\/\" target=\"_blank\" rel=\"noreferrer noopener\">Sprechstunden<\/a> vorbei! Falls ihr sichergehen wollt, dass das Buch noch nicht vergeben ist oder f\u00fcr euch reserviert wird, dann schreibt uns gerne eine Mail an: &nbsp;<a href=\"mailto:philpol@asta.tu-dortmund.de\" target=\"_blank\" rel=\"noreferrer noopener\">philpol@asta.tu-dortmund.de<\/a><\/p>\n\n\n\n<p>Philosophie<\/p>\n\n\n\n<ol class=\"wp-block-list\"><li>Rawls, John: Eine Theorie der Gerechtigkeit <\/li><li>Hobbes, Thomas: Leviathan <\/li><li>Locke, John: The Second Treatise of Government (\u00dcber die Regierung) <\/li><li>Locke, John: \u00dcber die Regierung <\/li><li>Rousseau, Jean-Jacque, \u00dcber den Gesellschaftsvertrag<\/li><li>Kant, Immanuel: Kritik der reinen Vernunft<\/li><li>Kant, Immanuel: \u00dcber den Gemeinspruch<\/li><li>Hahn, Henning: Globale Gerechtigkeit: Schl\u00fcsseltexte zwischen Partikularismus und Kosmopolitismus <\/li><li>Celikates, Robin: Grundkurs Philosophie\/ Politische Philosophie <\/li><\/ol>\n\n\n\n<p>Politikwissenschaft<\/p>\n\n\n\n<ol class=\"wp-block-list\"><li>Lauth, Hans-Joachim \/ Wagner, Christian (Hrsg.) 2020: Politikwissenschaft: Eine Einf\u00fchrung. <\/li><li>Ladwig, Bernd: Moderne Politische Theorie <\/li><\/ol>\n","protected":false},"excerpt":{"rendered":"<p>Wir haben f\u00fcr euch eine Mini-Bibliothek zusammengetragen mit B\u00fcchern, die im Studium h\u00e4ufig verwendet werden \ud83d\ude42 Wenn ihr ein Buch ausleihen wollt, dann kommt einfach w\u00e4hrend der Sprechstunden vorbei! Falls ihr sichergehen wollt, dass das Buch noch nicht vergeben ist oder f\u00fcr euch reserviert wird, dann schreibt uns gerne eine Mail an: &nbsp;philpol@asta.tu-dortmund.de Philosophie Rawls, [&hellip;]<\/p>\n","protected":false},"author":2,"featured_media":0,"parent":0,"menu_order":0,"comment_status":"closed","ping_status":"closed","template":"","meta":{"footnotes":""},"class_list":["post-368","page","type-page","status-publish","hentry"],"yoast_head":"<!-- This site is optimized with the Yoast SEO plugin v27.3 - https:\/\/yoast.com\/product\/yoast-seo-wordpress\/ -->\n<title>Mini-Bibliothek - Fachschaft Philosophie und Politikwissenschaft<\/title>\n<meta name=\"description\" content=\"Fachschaft Philosophie und Politikwissenschaft - Offizielle Webseite der Fachschaft Philosophie und Politikwissenschaft an der TU Dortmund, an der Fakult\u00e4t f\u00fcr Humanwissenschaften und Theologie\" \/>\n<meta name=\"robots\" content=\"index, follow, max-snippet:-1, max-image-preview:large, max-video-preview:-1\" \/>\n<link rel=\"canonical\" href=\"https:\/\/fsphilpol.fk14.tu-dortmund.de\/index.php\/mini-bibliothek\/\" \/>\n<meta property=\"og:locale\" content=\"de_DE\" \/>\n<meta property=\"og:type\" content=\"article\" \/>\n<meta property=\"og:title\" content=\"Mini-Bibliothek - Fachschaft Philosophie und Politikwissenschaft\" \/>\n<meta property=\"og:description\" content=\"Fachschaft Philosophie und Politikwissenschaft - Offizielle Webseite der Fachschaft Philosophie und Politikwissenschaft an der TU Dortmund, an der Fakult\u00e4t f\u00fcr Humanwissenschaften und Theologie\" \/>\n<meta property=\"og:url\" content=\"https:\/\/fsphilpol.fk14.tu-dortmund.de\/index.php\/mini-bibliothek\/\" \/>\n<meta property=\"og:site_name\" content=\"Fachschaft Philosophie und Politikwissenschaft\" \/>\n<meta property=\"article:modified_time\" content=\"2022-03-25T11:13:36+00:00\" \/>\n<meta name=\"twitter:card\" content=\"summary_large_image\" \/>\n<meta name=\"twitter:label1\" content=\"Gesch\u00e4tzte Lesezeit\" \/>\n\t<meta name=\"twitter:data1\" content=\"1\u00a0Minute\" \/>\n<script type=\"application\/ld+json\" class=\"yoast-schema-graph\">{\"@context\":\"https:\\\/\\\/schema.org\",\"@graph\":[{\"@type\":\"WebPage\",\"@id\":\"https:\\\/\\\/fsphilpol.fk14.tu-dortmund.de\\\/index.php\\\/mini-bibliothek\\\/\",\"url\":\"https:\\\/\\\/fsphilpol.fk14.tu-dortmund.de\\\/index.php\\\/mini-bibliothek\\\/\",\"name\":\"Mini-Bibliothek - Fachschaft Philosophie und Politikwissenschaft\",\"isPartOf\":{\"@id\":\"https:\\\/\\\/fsphilpol.fk14.tu-dortmund.de\\\/#website\"},\"datePublished\":\"2022-03-25T10:50:57+00:00\",\"dateModified\":\"2022-03-25T11:13:36+00:00\",\"description\":\"Fachschaft Philosophie und Politikwissenschaft - Offizielle Webseite der Fachschaft Philosophie und Politikwissenschaft an der TU Dortmund, an der Fakult\u00e4t f\u00fcr Humanwissenschaften und Theologie\",\"breadcrumb\":{\"@id\":\"https:\\\/\\\/fsphilpol.fk14.tu-dortmund.de\\\/index.php\\\/mini-bibliothek\\\/#breadcrumb\"},\"inLanguage\":\"de\",\"potentialAction\":[{\"@type\":\"ReadAction\",\"target\":[\"https:\\\/\\\/fsphilpol.fk14.tu-dortmund.de\\\/index.php\\\/mini-bibliothek\\\/\"]}]},{\"@type\":\"BreadcrumbList\",\"@id\":\"https:\\\/\\\/fsphilpol.fk14.tu-dortmund.de\\\/index.php\\\/mini-bibliothek\\\/#breadcrumb\",\"itemListElement\":[{\"@type\":\"ListItem\",\"position\":1,\"name\":\"Startseite\",\"item\":\"https:\\\/\\\/fsphilpol.fk14.tu-dortmund.de\\\/\"},{\"@type\":\"ListItem\",\"position\":2,\"name\":\"Mini-Bibliothek\"}]},{\"@type\":\"WebSite\",\"@id\":\"https:\\\/\\\/fsphilpol.fk14.tu-dortmund.de\\\/#website\",\"url\":\"https:\\\/\\\/fsphilpol.fk14.tu-dortmund.de\\\/\",\"name\":\"Fachschaft Philosophie und Politikwissenschaft\",\"description\":\"TU Dortmund\",\"publisher\":{\"@id\":\"https:\\\/\\\/fsphilpol.fk14.tu-dortmund.de\\\/#organization\"},\"potentialAction\":[{\"@type\":\"SearchAction\",\"target\":{\"@type\":\"EntryPoint\",\"urlTemplate\":\"https:\\\/\\\/fsphilpol.fk14.tu-dortmund.de\\\/?s={search_term_string}\"},\"query-input\":{\"@type\":\"PropertyValueSpecification\",\"valueRequired\":true,\"valueName\":\"search_term_string\"}}],\"inLanguage\":\"de\"},{\"@type\":\"Organization\",\"@id\":\"https:\\\/\\\/fsphilpol.fk14.tu-dortmund.de\\\/#organization\",\"name\":\"Fachschaft Philosophie und Politikwissenschaft der TU Dortmund\",\"url\":\"https:\\\/\\\/fsphilpol.fk14.tu-dortmund.de\\\/\",\"logo\":{\"@type\":\"ImageObject\",\"inLanguage\":\"de\",\"@id\":\"https:\\\/\\\/fsphilpol.fk14.tu-dortmund.de\\\/#\\\/schema\\\/logo\\\/image\\\/\",\"url\":\"https:\\\/\\\/fsphilpol.fk14.tu-dortmund.de\\\/wp-content\\\/uploads\\\/2021\\\/02\\\/cropped-cropped-fachschaft-logo-scaled-4.jpg\",\"contentUrl\":\"https:\\\/\\\/fsphilpol.fk14.tu-dortmund.de\\\/wp-content\\\/uploads\\\/2021\\\/02\\\/cropped-cropped-fachschaft-logo-scaled-4.jpg\",\"width\":512,\"height\":512,\"caption\":\"Fachschaft Philosophie und Politikwissenschaft der TU Dortmund\"},\"image\":{\"@id\":\"https:\\\/\\\/fsphilpol.fk14.tu-dortmund.de\\\/#\\\/schema\\\/logo\\\/image\\\/\"}}]}<\/script>\n<!-- \/ Yoast SEO plugin. -->","yoast_head_json":{"title":"Mini-Bibliothek - Fachschaft Philosophie und Politikwissenschaft","description":"Fachschaft Philosophie und Politikwissenschaft - Offizielle Webseite der Fachschaft Philosophie und Politikwissenschaft an der TU Dortmund, an der Fakult\u00e4t f\u00fcr Humanwissenschaften und Theologie","robots":{"index":"index","follow":"follow","max-snippet":"max-snippet:-1","max-image-preview":"max-image-preview:large","max-video-preview":"max-video-preview:-1"},"canonical":"https:\/\/fsphilpol.fk14.tu-dortmund.de\/index.php\/mini-bibliothek\/","og_locale":"de_DE","og_type":"article","og_title":"Mini-Bibliothek - Fachschaft Philosophie und Politikwissenschaft","og_description":"Fachschaft Philosophie und Politikwissenschaft - Offizielle Webseite der Fachschaft Philosophie und Politikwissenschaft an der TU Dortmund, an der Fakult\u00e4t f\u00fcr Humanwissenschaften und Theologie","og_url":"https:\/\/fsphilpol.fk14.tu-dortmund.de\/index.php\/mini-bibliothek\/","og_site_name":"Fachschaft Philosophie und Politikwissenschaft","article_modified_time":"2022-03-25T11:13:36+00:00","twitter_card":"summary_large_image","twitter_misc":{"Gesch\u00e4tzte Lesezeit":"1\u00a0Minute"},"schema":{"@context":"https:\/\/schema.org","@graph":[{"@type":"WebPage","@id":"https:\/\/fsphilpol.fk14.tu-dortmund.de\/index.php\/mini-bibliothek\/","url":"https:\/\/fsphilpol.fk14.tu-dortmund.de\/index.php\/mini-bibliothek\/","name":"Mini-Bibliothek - Fachschaft Philosophie und Politikwissenschaft","isPartOf":{"@id":"https:\/\/fsphilpol.fk14.tu-dortmund.de\/#website"},"datePublished":"2022-03-25T10:50:57+00:00","dateModified":"2022-03-25T11:13:36+00:00","description":"Fachschaft Philosophie und Politikwissenschaft - Offizielle Webseite der Fachschaft Philosophie und Politikwissenschaft an der TU Dortmund, an der Fakult\u00e4t f\u00fcr Humanwissenschaften und Theologie","breadcrumb":{"@id":"https:\/\/fsphilpol.fk14.tu-dortmund.de\/index.php\/mini-bibliothek\/#breadcrumb"},"inLanguage":"de","potentialAction":[{"@type":"ReadAction","target":["https:\/\/fsphilpol.fk14.tu-dortmund.de\/index.php\/mini-bibliothek\/"]}]},{"@type":"BreadcrumbList","@id":"https:\/\/fsphilpol.fk14.tu-dortmund.de\/index.php\/mini-bibliothek\/#breadcrumb","itemListElement":[{"@type":"ListItem","position":1,"name":"Startseite","item":"https:\/\/fsphilpol.fk14.tu-dortmund.de\/"},{"@type":"ListItem","position":2,"name":"Mini-Bibliothek"}]},{"@type":"WebSite","@id":"https:\/\/fsphilpol.fk14.tu-dortmund.de\/#website","url":"https:\/\/fsphilpol.fk14.tu-dortmund.de\/","name":"Fachschaft Philosophie und Politikwissenschaft","description":"TU Dortmund","publisher":{"@id":"https:\/\/fsphilpol.fk14.tu-dortmund.de\/#organization"},"potentialAction":[{"@type":"SearchAction","target":{"@type":"EntryPoint","urlTemplate":"https:\/\/fsphilpol.fk14.tu-dortmund.de\/?s={search_term_string}"},"query-input":{"@type":"PropertyValueSpecification","valueRequired":true,"valueName":"search_term_string"}}],"inLanguage":"de"},{"@type":"Organization","@id":"https:\/\/fsphilpol.fk14.tu-dortmund.de\/#organization","name":"Fachschaft Philosophie und Politikwissenschaft der TU Dortmund","url":"https:\/\/fsphilpol.fk14.tu-dortmund.de\/","logo":{"@type":"ImageObject","inLanguage":"de","@id":"https:\/\/fsphilpol.fk14.tu-dortmund.de\/#\/schema\/logo\/image\/","url":"https:\/\/fsphilpol.fk14.tu-dortmund.de\/wp-content\/uploads\/2021\/02\/cropped-cropped-fachschaft-logo-scaled-4.jpg","contentUrl":"https:\/\/fsphilpol.fk14.tu-dortmund.de\/wp-content\/uploads\/2021\/02\/cropped-cropped-fachschaft-logo-scaled-4.jpg","width":512,"height":512,"caption":"Fachschaft Philosophie und Politikwissenschaft der TU Dortmund"},"image":{"@id":"https:\/\/fsphilpol.fk14.tu-dortmund.de\/#\/schema\/logo\/image\/"}}]}},"_links":{"self":[{"href":"https:\/\/fsphilpol.fk14.tu-dortmund.de\/index.php\/wp-json\/wp\/v2\/pages\/368","targetHints":{"allow":["GET"]}}],"collection":[{"href":"https:\/\/fsphilpol.fk14.tu-dortmund.de\/index.php\/wp-json\/wp\/v2\/pages"}],"about":[{"href":"https:\/\/fsphilpol.fk14.tu-dortmund.de\/index.php\/wp-json\/wp\/v2\/types\/page"}],"author":[{"embeddable":true,"href":"https:\/\/fsphilpol.fk14.tu-dortmund.de\/index.php\/wp-json\/wp\/v2\/users\/2"}],"replies":[{"embeddable":true,"href":"https:\/\/fsphilpol.fk14.tu-dortmund.de\/index.php\/wp-json\/wp\/v2\/comments?post=368"}],"version-history":[{"count":3,"href":"https:\/\/fsphilpol.fk14.tu-dortmund.de\/index.php\/wp-json\/wp\/v2\/pages\/368\/revisions"}],"predecessor-version":[{"id":376,"href":"https:\/\/fsphilpol.fk14.tu-dortmund.de\/index.php\/wp-json\/wp\/v2\/pages\/368\/revisions\/376"}],"wp:attachment":[{"href":"https:\/\/fsphilpol.fk14.tu-dortmund.de\/index.php\/wp-json\/wp\/v2\/media?parent=368"}],"curies":[{"name":"wp","href":"https:\/\/api.w.org\/{rel}","templated":true}]}}